-174)/(-12) + (-2)/4?
2, 7
Let s = 65 - 26. Suppose 4*m + v - 56 = 0, 2*v - 13 = -4*m + s. What are the prime factors of m?
3, 5
Let d = 151 + -91. Suppose 0 = -p - 3*p + d. Let v = 22 - p. List the prime factors of v.
7
Let g be 71 - (-4)/(4/1). Suppose 0*m + 4*m - g = 0. What are the prime factors of m?
2, 3
Suppose -6*y + 2*y - z = -196, 166 = 3*y - 4*z. Suppose 4*d + d + y = 2*p, 4*p = 3*d + 72. What are the prime factors of p?
3, 5
What are the prime factors of (-2)/(-4)*(70 - 6)?
2
Let h(w) be the first derivative of w**4/4 - 5*w**3/3 - 5*w**2/2 + 9*w - 2. What are the prime factors of h(6)?
3, 5
Suppose 2*c + 12 = w + 3*w, -w - 2*c = 2. Suppose 5*n + 4*k - 55 = 73, w*n + 3*k - 47 = 0. List the prime factors of n.
2, 7
Let m = 4 - 0. List the prime factors of m.
2
Let k(j) = j**3 + j**2 + 3. Let y be k(0). Suppose -3 = -3*i + 2*i - 2*x, -5*i + 41 = -y*x. List the prime factors of i.
7
What are the prime factors of 98/4 - 8/(-16)?
5
Let f(u) = 3*u**2 + 5*u - 3. Let q be f(3). Suppose 34 = 2*i - 4*d, -29 = -4*i + 3*d + q. What are the prime factors of i?
17
Let f(s) = -s**2 + 7*s - 8. Let t be f(6). Let h = t + 5. What are the prime factors of (24/(-10))/(h/(-10))?
2
Suppose 0 = 2*b + 2*b - 112. What are the prime factors of b?
2, 7
Let q(c) = c**3 + 4*c**2 - 6*c + 4. Let d be q(-5). What are the prime factors of ((-9)/2)/(d/(-12))?
2, 3
Let g(c) = 2*c + 11. What are the prime factors of g(10)?
31
Let k(u) be the second derivative of -u**5/20 + 2*u**4/3 - 5*u**3/6 + 2*u**2 + 4*u. What are the prime factors of k(7)?
2, 3
Suppose -2 = -g - 0. Let l(v) = -v + v**g + 7*v + 4*v. What are the prime factors of l(-11)?
11
Suppose 5*g - 116 = 179. List the prime factors of g.
59
Suppose -2*m + 12 = -18. Let b = m + -11. List the prime factors of b.
2
Let a(w) = -2 + w + 3 + 12. Let s = 2 + -9. What are the prime factors of a(s)?
2, 3
Suppose -l - 3*l = -2*m - 10, -l + 16 = 4*m. Let w(t) = -t - t + m*t + 1. List the prime factors of w(5).
2, 3
Let v be ((-42)/(-24))/(1/4). Let q = v - 4. Let y(o) = o + 1. What are the prime factors of y(q)?
2
What are the prime factors of 219/6 - (2 + -3)/(-2)?
2, 3
Suppose -5 = 5*s - 5*o, -3*s - 7 = s - 5*o. Let j = 4 - s. Suppose -5*v + 15 = -j*v. List the prime factors of v.
5
Let m(s) = s**2 + 6*s - 3. Let v be m(-4). Let n be (12 - (-2 + 0)) + 3. Let w = n + v. What are the prime factors of w?
2, 3
What are the prime factors of (1 + 0 + -2)*-4?
2
What are the prime factors of 579/9 - (-2)/(-6)?
2
Suppose -4 = 4*f + 2*w, -3*f - w = -0 + 1. Let j be 3*f*-5 - -2. Let t = j - -18. List the prime factors of t.
5
Suppose -p - 3*p = 0. Let g(x) be the first derivative of -x**2/2 + 7*x - 2. List the prime factors of g(p).
7
Let t(w) = w**2 + 5*w + 11. What are the prime factors of t(-8)?
5, 7
List the prime factors of 35 - (-1 - 1) - 3.
2, 17
Let s = 2 + -2. Suppose -3*j + 15 = -s*j. List the prime factors of j.
5
Let v(c) = -c**3 - 5*c**2 - 5*c - 9. Let d be v(-4). Let i = d - -7. What are the prime factors of i?
2
What are the prime factors of (-10)/(-4)*2 - (-9 + 6)?
2
Let g = 8 + -5. Suppose 5*o - 11 - 9 = 0. Suppose o*t + y + y + 2 = 0, 0 = 5*t - g*y - 25. List the prime factors of t.
2
Let d(r) = 2*r + 4. Let u(v) = v. Let q(t) = -d(t) + u(t). List the prime factors of q(-9).
5
List the prime factors of (336/15)/(12/210).
2, 7
Let v(z) = -z**3 - 12*z**2 - 2*z + 7. What are the prime factors of v(-12)?
31
Suppose -2*r = -2*c + 350, -4*r - 10 = 2*c - 336. What are the prime factors of c?
3, 19
Let s = -1 - -3. Suppose 4*k - 4 = 36. Suppose 4 = s*y + 2*t, -8*y - 3*t + k = -3*y. List the prime factors of y.
2
List the prime factors of 2*-1 - -3*(-740)/(-15).
2, 73
Suppose 4*u - 90 = -2*g, g - 3*u = -2*u + 33. List the prime factors of g.
37
Suppose f - 4*l = -0*l - 17, 0 = -2*f - 2*l + 16. Suppose f*x - 25 + 3 = 4*u, 0 = x + 2. What are the prime factors of (u + 21)*(-2)/(-2)?
2, 7
Suppose -5 = -5*l + 5. Suppose -l*a + 2 = -66. List the prime factors of a.
2, 17
Suppose -4*m + 15 = 5*q, 5*m + 6 = -4*q + 6*q. Suppose 0 = -7*i + q*i - 24. What are the prime factors of ((-2)/i)/((-1)/(-39))?
13
Let b(g) = 13*g**2 + g - 2. List the prime factors of b(1).
2, 3
Let h(c) = -c**3 + 18. List the prime factors of h(0).
2, 3
Let x = 11 - 5. Let u = 12 - x. Suppose -4 = -l - d, -3*l = -4*l - 3*d - u. What are the prime factors of l?
3
Let o(f) = 3*f - 1. Let q be o(4). Let d = q + -4. What are the prime factors of d?
7
Let z(s) = -s - 6. Let f be z(-10). Suppose -f*i + 5 = -3*j, -3 = i - j - 4. Suppose 2*n = -3*w + 31, -i*n + 12 = -2*w - 24. What are the prime factors of n?
17
Suppose -4*i + 2*f - 3*f + 7 = 0, 2 = -i - f. Suppose -3*v + i*p + 70 + 41 = 0, -2*v - 5*p = -39. List the prime factors of v.
2
Let c(y) = -y + 3. Let x be c(0). Suppose 8*k - d - 74 = 3*k, -4*d - 58 = -x*k. Suppose 0 = 3*a - k - 19. What are the prime factors of a?
11
Let b = 25 + 4. List the prime factors of b.
29
Let f = 3 - 0. Suppose f*w - 12 = 4*o, -6 = 5*w - 3*w + 2*o. Suppose -61 = -3*m - u, -2*m + 5*u - 4 + 56 = w. List the prime factors of m.
3, 7
Suppose 5*m = -w + 2*w - 71, 5*w + m - 485 = 0. Suppose -3*g = g - 5*d - 124, 4*g = -2*d + w. What are the prime factors of g?
2, 13
Suppose 5*t - 6 = 4. Let f be -1*(t/2 + 6). Let p = f - -19. What are the prime factors of p?
2, 3
Let f(n) be the third derivative of n**4/6 - 2*n**3/3 + 2*n**2. What are the prime factors of f(5)?
2
Let l(k) = k**3 + 7*k**2 - 11*k + 5. List the prime factors of l(-8).
29
Let o(j) = j**3 - 5*j**2 + 2*j + 19. What are the prime factors of o(8)?
227
Let j(q) = q**2 - 9*q - 11. Let a(y) = -y**2. Let i(r) = -2*a(r) - j(r). Suppose 0*v = -l + v - 14, -19 = l - 2*v. List the prime factors of i(l).
11
Let n = 321 - 214. List the prime factors of n.
107
Let p(a) = a**2 + 9*a + 2. Let n be p(-9). Suppose -n*c - 4*f = 2*c - 36, c = 2*f - 6. List the prime factors of (3 + -5)/(c/(-26)).
13
Let c = -40 - -63. List the prime factors of c.
23
Suppose 35*t + 736 = 43*t. What are the prime factors of t?
2, 23
Suppose -4*p + 12 = 4*b - p, 0 = b - 2*p + 8. Suppose 3*u + 2*u - 120 = b. Suppose 0 = 4*x - 2*i - 88, 2*i - u = -5*x + 77. List the prime factors of x.
3, 7
Suppose -v - v = 0, 3*u - 5*v + 102 = 0. Let d = 6 - u. What are the prime factors of d?
2, 5
Suppose 0 = 4*a + a - 885. List the prime factors of a.
3, 59
Let j = 2 - 2. Suppose j = -4*v + 13 + 7. List the prime factors of v.
5
List the prime factors of (-5*12/8)/((-3)/8).
2, 5
Suppose 3*d - d - 8 = 0. Suppose d*r + 6 = r. What are the prime factors of (r/(-3))/(6/45)?
5
Suppose -2*x = 2*x - 72. What are the prime factors of 4/10 + x/5?
2
Let n = 42 - -2. List the prime factors of n.
2, 11
Let t(s) = -s**2 + 13*s - 15. List the prime factors of t(10).
3, 5
Suppose -3*v + 62 = -49. List the prime factors of v.
37
Let g(m) = -11*m**2 - 13*m - 6. Let y(j) = -j**3. Let a(w) = g(w) + y(w). List the prime factors of a(-10).
2, 3
Let g = 1 + 1. Suppose g*d - 14 = d. What are the prime factors of d?
2, 7
What are the prime factors of (-1 - -332) + (-6)/(-6)?
2, 83
Suppose 4*h - 5*h = -1. Let t(g) = 8*g**3 - g**2 + g. What are the prime factors of t(h)?
2
Let k be (-7)/(-4)*(-5 + 1). Let w(f) be the first derivative of f**3/3 + 2*f**2 - 6*f - 10. List the prime factors of w(k).
3, 5
Suppose -3*t + 4*f + 27 + 70 = 0, -f + 50 = 2*t. What are the prime factors of t?
3
Let o = 34 - -5. List the prime factors of o.
3, 13
Let r(l) be the third derivative of -11*l**4/24 + l**3/6 + 2*l**2. Let c be r(-1). List the prime factors of c - 3/(1 - -2).
11
Let g(j) = j - 4 + j + j + j. Suppose 4*r = 4*t - 8, -4*r + 3*t + 2*t = 13. List the prime factors of g(r).
2
Let u(n) = n**3 + 5*n**2 + 4*n + 3. Let k be u(-4). List the prime factors of k/(-15) - 996/(-30).
3, 11
Suppose 2*k + 0*k = 16. Let h = k - 4. Suppose -5*l + h*l = -2. What are the prime factors of l?
2
Let l(i) = i + 10. Suppose -4*m = m + 2*j - 14, 3*j + 2 = 4*m. Let f = 2 - m. List the prime factors of l(f).
2, 5
Let w = -163 - -342. What are the prime factors of w?
179
List the prime factors of 212*1*1/2.
2, 53
Suppose 5*t - 288 = 127. List the prime factors of t.
83
Suppose -2*b - 8 = 0, 3*b - 3 = -j - 9. Let s be 2*1*(-9)/j. Let r = s - -8. What are the prime factors of r?
5
Su